igit of 1722247?
2
What is the hundreds digit of 2747789?
7
What is the thousands digit of 473475?
3
What is the hundreds digit of 17873573?
5
What is the tens digit of 1119794?
9
What is the hundreds digit of 113475?
4
What is the units digit of 371842?
2
What is the hundred thousands digit of 11865703?
8
What is the units digit of 138808?
8
What is the units digit of 299803?
3
What is the tens digit of 179630?
3
What is the ten thousands digit of 5193539?
9
What is the units digit of 1795718?
8
What is the thousands digit of 1334129?
4
What is the thousands digit of 1388?
1
What is the hundred thousands digit of 3666532?
6
What is the thousands digit of 590161?
0
What is the millions digit of 1543088?
1
What is the thousands digit of 733629?
3
What is the hundred thousands digit of 810592?
8
What is the hundred thousands digit of 1029329?
0
What is the hundred thousands digit of 106249?
1
What is the ten thousands digit of 4998701?
9
What is the ten thousands digit of 440707?
4
What is the hundreds digit of 141808?
8
What is the ten thousands digit of 6922668?
2
What is the hundreds digit of 10623585?
5
What is the ten millions digit of 10783178?
1
What is the tens digit of 190721?
2
What is the tens digit of 309579?
7
What is the tens digit of 1141498?
9
What is the hundred thousands digit of 8659348?
6
What is the hundreds digit of 188665?
6
What is the ten thousands digit of 504412?
0
What is the hundred thousands digit of 172355?
1
What is the hundreds digit of 3642375?
3
What is the millions digit of 2552196?
2
What is the units digit of 573376?
6
What is the units digit of 204104?
4
What is the units digit of 1055679?
9
What is the tens digit of 176845?
4
What is the hundreds digit of 870284?
2
What is the ten thousands digit of 8240269?
4
What is the hundred thousands digit of 1810848?
8
What is the thousands digit of 2907953?
7
What is the units digit of 243181?
1
What is the thousands digit of 19354?
9
What is the units digit of 809590?
0
What is the hundreds digit of 32955?
9
What is the units digit of 9778959?
9
What is the hundred thousands digit of 120104?
1
What is the ten thousands digit of 423217?
2
What is the hundred thousands digit of 216854?
2
What is the units digit of 2424153?
3
What is the hundreds digit of 11037912?
9
What is the units digit of 1374703?
3
What is the hundred thousands digit of 356826?
3
What is the ten thousands digit of 1927004?
2
What is the millions digit of 19001501?
9
What is the ten thousands digit of 1451227?
5
What is the hundred thousands digit of 16140516?
1
What is the units digit of 245726?
6
What is the units digit of 200019?
9
What is the ten millions digit of 21945066?
2
What is the hundred thousands digit of 21006473?
0
What is the tens digit of 3331538?
3
What is the hundreds digit of 291208?
2
What is the ten thousands digit of 203735?
0
What is the ten thousands digit of 1177562?
7
What is the ten thousands digit of 2679789?
7
What is the tens digit of 2007036?
3
What is the units digit of 1148122?
2
What is the units digit of 3128208?
8
What is the hundreds digit of 26206881?
8
What is the ten thousands digit of 5734977?
3
What is the ten thousands digit of 1114087?
1
What is the millions digit of 3505642?
3
What is the tens digit of 10557?
5
What is the millions digit of 2215823?
2
What is the ten thousands digit of 410496?
1
What is the tens digit of 37122?
2
What is the hundreds digit of 4203396?
3
What is the hundreds digit of 805613?
6
What is the units digit of 3069121?
1
What is the ten thousands digit of 1222862?
2
What is the millions digit of 37811537?
7
What is the tens digit of 10244488?
8
What is the ten thousands digit of 648168?
4
What is the units digit of 16448?
8
What is the thousands digit of 4595518?
5
What is the hundreds digit of 216444?
4
What is the ten thousands digit of 1748162?
4
What is the millions digit of 2296210?
2
What is the ten thousands digit of 11279335?
7
What is the ten thousands digit of 8278083?
7
What is the tens digit of 388235?
3
What is the units digit of 406223?
3
What is the thousands digit of 40028004?
8
What is the hundred thousands digit of 34116528?
1
What is the units digit of 522522?
2
What is the hundreds digit of 3058062?
0
What is the tens digit of 191767?
6
What is the tens digit of 362284?
8
What is the hundreds digit of 5586806?
8
What is the units digit of 2656192?
2
What is the units digit of 527493?
3
What is the hundred thousands digit of 13087582?
0
What is the millions digit of 1279753?
1
What is the thousands digit of 9833572?
3
What is the ten thousands digit of 217277?
1
What is the tens digit of 7716839?
3
What is the units digit of 13170073?
3
What is the units digit of 2650345?
5
What is the thousands digit of 301960?
1
What is the thousands digit of 138745?
8
What is the ten thousands digit of 28620?
2
What is the hundred thousands digit of 556004?
5
What is the thousands digit of 663788?
3
What is the thousands digit of 9883265?
3
What is the hundreds digit of 1226714?
7
What is the tens digit of 306707?
0
What is the tens digit of 14860?
6
What is the tens digit of 691613?
1
What is the ten thousands digit of 4097044?
9
What is the units digit of 29045068?
8
What is the units digit of 540721?
1
What is the units digit of 1113187?
7
What is the millions digit of 13707316?
3
What is the ten thousands digit of 382898?
8
What is the units digit of 5361906?
6
What is the tens digit of 7061133?
3
What is the units digit of 658230?
0
What is the thousands digit of 333101?
3
What is the hundreds digit of 119378?
3
What is the hundred thousands digit of 169230?
1
What is the thousands digit of 1004087?
4
What is the millions digit of 5863365?
5
What is the hundred thousands digit of 134225?
1
What is the hundred thousands digit of 1029126?
0
What is the hundreds digit of 354637?
6
What is the hundred thousands digit of 221693?
2
What is the thousands digit of 103016?
3
What is the hundreds digit of 2275755?
7
What is the hundred thousands digit of 3829798?
8
What is the thousands digit of 2028574?
8
What is the ten thousands digit of 2695281?
9
What is the hundred thousands digit of 157126?
1
What is the ten thousands digit of 2043341?
4
What is the hundreds digit of 4399294?
2
What is the hundreds digit of 1343962?
9
What is the millions digit of 2184274?
2
What is the hundreds digit of 420939?
9
What is the tens digit of 227978?
7
What is the ten thousands digit of 15842?
1
What is the tens digit of 6487652?
5
What is the thousands digit of 38958244?
8
What is the millions digit of 1795612?
1
What is the hundred thousands digit of 114131?
1
What is the ten thousands digit of 24978?
2
What is the ten millions digit of 12610740?
1
What is the hundreds digit of 92254?
2
What is the hundred thousands digit of 1180123?
1
What is the units digit of 39262?
2
What is the tens digit of 5135532?
3
What is the units digit of 2741132?
2
What is the hundred thousands digit of 300484?
3
What is the thousands digit of 108989?
8
What is the tens digit of 34769958?
5
What is the thousands digit of 980329?
0
What is the hundred thousands digit of 201076?
2
What is the thousands digit of 3886887?
6
What is the hundred thousands digit of 204114?
2
What is the tens digit of 1493025?
2
What is the thousands digit of 2596535?
6
What is the hundreds digit of 2512297?
2
What is the hundred thousands digit of 314935?
3
What is the thousands digit of 2512315?
2
What is the hundreds digit of 277758?
7
What is the thousands digit of 1831251?
1
What is the millions digit of 1219518?
1
What is the thousands digit of 17667237?
7
What is the tens digit of 181770?
7
What is the tens digit of 2145340?
4
What is the tens digit of 61176?
7
What is the millions digit of 2521899?
2
What is the tens digit of 180991?
9
What is the hundreds digit of 188573?
5
What is the tens digit of 198914?
1
What is the hundreds digit of 422021?
0
What is the hundred thousands digit of 196060?
1
What is the millions digit of 3783556?
3
What is the hundreds digit of 468659?
6
What is the tens digit of 211732?
3
What is the thousands digit of 113007?
3
What is the ten thousands digit of 6257650?
5
What is the ten thousands digit of 20833122?
3
What is the hundred thou